{"id":10940,"date":"2025-09-10T10:02:57","date_gmt":"2025-09-10T07:02:57","guid":{"rendered":"https:\/\/www.novakidschool.com\/tr\/blog\/?page_id=10940"},"modified":"2026-02-02T18:25:55","modified_gmt":"2026-02-02T15:25:55","slug":"grammar-guide","status":"publish","type":"page","link":"https:\/\/www.novakidschool.com\/tr\/blog\/grammar-guide\/","title":{"rendered":"Grammar guide"},"content":{"rendered":"","protected":false},"excerpt":{"rendered":"","protected":false},"author":1,"featured_media":0,"parent":0,"menu_order":0,"comment_status":"closed","ping_status":"closed","template":"grammar.php","meta":{"_acf_changed":false,"inline_featured_image":false,"footnotes":""},"class_list":["post-10940","page","type-page","status-publish","hentry"],"acf":[],"yoast_head":"<!-- This site is optimized with the Yoast SEO plugin v27.3 - https:\/\/yoast.com\/product\/yoast-seo-wordpress\/ -->\n<title>\u00c7ocuklar ve Gen\u00e7ler \u0130\u00e7in \u0130ngilizce Dilbilgisi Rehberi \u2013 Novakid Okulu<\/title>\n<meta name=\"description\" content=\"\u00c7ocuklar i\u00e7in \u0130ngilizce dil bilgisini kolayla\u015ft\u0131rd\u0131k. Ad\u0131ml\u0131 talimatlar, \u00f6rnekler ve k\u0131sa quiz&#039;ler ile zamanlar\u0131, edatlar\u0131 ve di\u011fer temel bilgileri \u00f6\u011frenin. Hem \u00f6\u011frencilerin hem de velilerin ilgisini \u00e7ekecek \u015fekilde haz\u0131rland\u0131.\" \/>\n<meta name=\"robots\" content=\"index, follow, max-snippet:-1, max-image-preview:large, max-video-preview:-1\" \/>\n<link rel=\"canonical\" href=\"https:\/\/www.novakidschool.com\/tr\/blog\/grammar-guide\/\" \/>\n<meta property=\"og:locale\" content=\"tr_TR\" \/>\n<meta property=\"og:type\" content=\"article\" \/>\n<meta property=\"og:title\" content=\"\u00c7ocuklar ve Gen\u00e7ler \u0130\u00e7in \u0130ngilizce Dilbilgisi Rehberi \u2013 Novakid Okulu\" \/>\n<meta property=\"og:description\" content=\"\u00c7ocuklar i\u00e7in \u0130ngilizce dil bilgisini kolayla\u015ft\u0131rd\u0131k. Ad\u0131ml\u0131 talimatlar, \u00f6rnekler ve k\u0131sa quiz&#039;ler ile zamanlar\u0131, edatlar\u0131 ve di\u011fer temel bilgileri \u00f6\u011frenin. Hem \u00f6\u011frencilerin hem de velilerin ilgisini \u00e7ekecek \u015fekilde haz\u0131rland\u0131.\" \/>\n<meta property=\"og:url\" content=\"https:\/\/www.novakidschool.com\/tr\/blog\/grammar-guide\/\" \/>\n<meta property=\"og:site_name\" content=\"Novakid Blog\" \/>\n<meta property=\"article:modified_time\" content=\"2026-02-02T15:25:55+00:00\" \/>\n<meta name=\"twitter:card\" content=\"summary_large_image\" \/>\n<!-- \/ Yoast SEO plugin. -->","yoast_head_json":{"title":"\u00c7ocuklar ve Gen\u00e7ler \u0130\u00e7in \u0130ngilizce Dilbilgisi Rehberi \u2013 Novakid Okulu","description":"\u00c7ocuklar i\u00e7in \u0130ngilizce dil bilgisini kolayla\u015ft\u0131rd\u0131k. Ad\u0131ml\u0131 talimatlar, \u00f6rnekler ve k\u0131sa quiz'ler ile zamanlar\u0131, edatlar\u0131 ve di\u011fer temel bilgileri \u00f6\u011frenin. Hem \u00f6\u011frencilerin hem de velilerin ilgisini \u00e7ekecek \u015fekilde haz\u0131rland\u0131.","robots":{"index":"index","follow":"follow","max-snippet":"max-snippet:-1","max-image-preview":"max-image-preview:large","max-video-preview":"max-video-preview:-1"},"canonical":"https:\/\/www.novakidschool.com\/tr\/blog\/grammar-guide\/","og_locale":"tr_TR","og_type":"article","og_title":"\u00c7ocuklar ve Gen\u00e7ler \u0130\u00e7in \u0130ngilizce Dilbilgisi Rehberi \u2013 Novakid Okulu","og_description":"\u00c7ocuklar i\u00e7in \u0130ngilizce dil bilgisini kolayla\u015ft\u0131rd\u0131k. Ad\u0131ml\u0131 talimatlar, \u00f6rnekler ve k\u0131sa quiz'ler ile zamanlar\u0131, edatlar\u0131 ve di\u011fer temel bilgileri \u00f6\u011frenin. Hem \u00f6\u011frencilerin hem de velilerin ilgisini \u00e7ekecek \u015fekilde haz\u0131rland\u0131.","og_url":"https:\/\/www.novakidschool.com\/tr\/blog\/grammar-guide\/","og_site_name":"Novakid Blog","article_modified_time":"2026-02-02T15:25:55+00:00","twitter_card":"summary_large_image","schema":{"@context":"https:\/\/schema.org","@graph":[{"@type":"WebPage","@id":"https:\/\/www.novakidschool.com\/tr\/blog\/grammar-guide\/","url":"https:\/\/www.novakidschool.com\/tr\/blog\/grammar-guide\/","name":"\u00c7ocuklar ve Gen\u00e7ler \u0130\u00e7in \u0130ngilizce Dilbilgisi Rehberi \u2013 Novakid Okulu","isPartOf":{"@id":"https:\/\/www.novakidschool.com\/tr\/blog\/#website"},"datePublished":"2025-09-10T07:02:57+00:00","dateModified":"2026-02-02T15:25:55+00:00","description":"\u00c7ocuklar i\u00e7in \u0130ngilizce dil bilgisini kolayla\u015ft\u0131rd\u0131k. Ad\u0131ml\u0131 talimatlar, \u00f6rnekler ve k\u0131sa quiz'ler ile zamanlar\u0131, edatlar\u0131 ve di\u011fer temel bilgileri \u00f6\u011frenin. Hem \u00f6\u011frencilerin hem de velilerin ilgisini \u00e7ekecek \u015fekilde haz\u0131rland\u0131.","breadcrumb":{"@id":"https:\/\/www.novakidschool.com\/tr\/blog\/grammar-guide\/#breadcrumb"},"inLanguage":"tr","potentialAction":[{"@type":"ReadAction","target":["https:\/\/www.novakidschool.com\/tr\/blog\/grammar-guide\/"]}]},{"@type":"BreadcrumbList","@id":"https:\/\/www.novakidschool.com\/tr\/blog\/grammar-guide\/#breadcrumb","itemListElement":[{"@type":"ListItem","position":1,"name":"Home","item":"https:\/\/www.novakidschool.com\/tr\/blog\/"},{"@type":"ListItem","position":2,"name":"Grammar guide"}]},{"@type":"WebSite","@id":"https:\/\/www.novakidschool.com\/tr\/blog\/#website","url":"https:\/\/www.novakidschool.com\/tr\/blog\/","name":"Novakid Blog","description":"Just another WordPress site","publisher":{"@id":"https:\/\/www.novakidschool.com\/tr\/blog\/#organization"},"potentialAction":[{"@type":"SearchAction","target":{"@type":"EntryPoint","urlTemplate":"https:\/\/www.novakidschool.com\/tr\/blog\/?s={search_term_string}"},"query-input":{"@type":"PropertyValueSpecification","valueRequired":true,"valueName":"search_term_string"}}],"inLanguage":"tr"},{"@type":"Organization","@id":"https:\/\/www.novakidschool.com\/tr\/blog\/#organization","name":"Novakid","url":"https:\/\/www.novakidschool.com\/tr\/blog\/","logo":{"@type":"ImageObject","inLanguage":"tr","@id":"https:\/\/www.novakidschool.com\/tr\/blog\/#\/schema\/logo\/image\/","url":"https:\/\/www.novakidschool.com\/tr\/blog\/wp-content\/uploads\/2022\/06\/logo-novakid.svg","contentUrl":"https:\/\/www.novakidschool.com\/tr\/blog\/wp-content\/uploads\/2022\/06\/logo-novakid.svg","width":268,"height":71,"caption":"Novakid"},"image":{"@id":"https:\/\/www.novakidschool.com\/tr\/blog\/#\/schema\/logo\/image\/"}}]}},"_links":{"self":[{"href":"https:\/\/www.novakidschool.com\/tr\/blog\/wp-json\/wp\/v2\/pages\/10940","targetHints":{"allow":["GET"]}}],"collection":[{"href":"https:\/\/www.novakidschool.com\/tr\/blog\/wp-json\/wp\/v2\/pages"}],"about":[{"href":"https:\/\/www.novakidschool.com\/tr\/blog\/wp-json\/wp\/v2\/types\/page"}],"author":[{"embeddable":true,"href":"https:\/\/www.novakidschool.com\/tr\/blog\/wp-json\/wp\/v2\/users\/1"}],"replies":[{"embeddable":true,"href":"https:\/\/www.novakidschool.com\/tr\/blog\/wp-json\/wp\/v2\/comments?post=10940"}],"version-history":[{"count":5,"href":"https:\/\/www.novakidschool.com\/tr\/blog\/wp-json\/wp\/v2\/pages\/10940\/revisions"}],"predecessor-version":[{"id":11976,"href":"https:\/\/www.novakidschool.com\/tr\/blog\/wp-json\/wp\/v2\/pages\/10940\/revisions\/11976"}],"wp:attachment":[{"href":"https:\/\/www.novakidschool.com\/tr\/blog\/wp-json\/wp\/v2\/media?parent=10940"}],"curies":[{"name":"wp","href":"https:\/\/api.w.org\/{rel}","templated":true}]}}