{"id":10533,"date":"2025-07-08T14:14:45","date_gmt":"2025-07-08T11:14:45","guid":{"rendered":"https:\/\/www.novakidschool.com\/tr\/blog\/?page_id=10533"},"modified":"2025-09-22T09:51:02","modified_gmt":"2025-09-22T06:51:02","slug":"authors","status":"publish","type":"page","link":"https:\/\/www.novakidschool.com\/tr\/blog\/authors\/","title":{"rendered":"Yazarlar\u0131m\u0131z"},"content":{"rendered":"","protected":false},"excerpt":{"rendered":"","protected":false},"author":7,"featured_media":0,"parent":0,"menu_order":0,"comment_status":"closed","ping_status":"closed","template":"","meta":{"_acf_changed":false,"inline_featured_image":false,"footnotes":""},"class_list":["post-10533","page","type-page","status-publish","hentry"],"acf":[],"yoast_head":"<!-- This site is optimized with the Yoast SEO plugin v27.3 - https:\/\/yoast.com\/product\/yoast-seo-wordpress\/ -->\n<title>Uzman Yazarlar\u0131m\u0131z | Novakid \u0130ngilizce \u00d6\u011frenim Blogu<\/title>\n<meta name=\"description\" content=\"Biyografilerin, odaklan\u0131lan konular\u0131n ve en son makalelerin yer ald\u0131\u011f\u0131 yazar profillerine eri\u015ferek ki\u015filerin uzmanl\u0131\u011f\u0131n\u0131 do\u011frulayabilir ve g\u00fcvenilir \u0130ngilizce \u00f6\u011frenim kaynaklar\u0131na eri\u015febilirsiniz.\" \/>\n<meta name=\"robots\" content=\"index, follow, max-snippet:-1, max-image-preview:large, max-video-preview:-1\" \/>\n<link rel=\"canonical\" href=\"https:\/\/www.novakidschool.com\/tr\/blog\/authors\/\" \/>\n<meta property=\"og:locale\" content=\"tr_TR\" \/>\n<meta property=\"og:type\" content=\"article\" \/>\n<meta property=\"og:title\" content=\"Uzman Yazarlar\u0131m\u0131z | Novakid \u0130ngilizce \u00d6\u011frenim Blogu\" \/>\n<meta property=\"og:description\" content=\"Biyografilerin, odaklan\u0131lan konular\u0131n ve en son makalelerin yer ald\u0131\u011f\u0131 yazar profillerine eri\u015ferek ki\u015filerin uzmanl\u0131\u011f\u0131n\u0131 do\u011frulayabilir ve g\u00fcvenilir \u0130ngilizce \u00f6\u011frenim kaynaklar\u0131na eri\u015febilirsiniz.\" \/>\n<meta property=\"og:url\" content=\"https:\/\/www.novakidschool.com\/tr\/blog\/authors\/\" \/>\n<meta property=\"og:site_name\" content=\"Novakid Blog\" \/>\n<meta property=\"article:modified_time\" content=\"2025-09-22T06:51:02+00:00\" \/>\n<meta name=\"twitter:card\" content=\"summary_large_image\" \/>\n<!-- \/ Yoast SEO plugin. -->","yoast_head_json":{"title":"Uzman Yazarlar\u0131m\u0131z | Novakid \u0130ngilizce \u00d6\u011frenim Blogu","description":"Biyografilerin, odaklan\u0131lan konular\u0131n ve en son makalelerin yer ald\u0131\u011f\u0131 yazar profillerine eri\u015ferek ki\u015filerin uzmanl\u0131\u011f\u0131n\u0131 do\u011frulayabilir ve g\u00fcvenilir \u0130ngilizce \u00f6\u011frenim kaynaklar\u0131na eri\u015febilirsiniz.","robots":{"index":"index","follow":"follow","max-snippet":"max-snippet:-1","max-image-preview":"max-image-preview:large","max-video-preview":"max-video-preview:-1"},"canonical":"https:\/\/www.novakidschool.com\/tr\/blog\/authors\/","og_locale":"tr_TR","og_type":"article","og_title":"Uzman Yazarlar\u0131m\u0131z | Novakid \u0130ngilizce \u00d6\u011frenim Blogu","og_description":"Biyografilerin, odaklan\u0131lan konular\u0131n ve en son makalelerin yer ald\u0131\u011f\u0131 yazar profillerine eri\u015ferek ki\u015filerin uzmanl\u0131\u011f\u0131n\u0131 do\u011frulayabilir ve g\u00fcvenilir \u0130ngilizce \u00f6\u011frenim kaynaklar\u0131na eri\u015febilirsiniz.","og_url":"https:\/\/www.novakidschool.com\/tr\/blog\/authors\/","og_site_name":"Novakid Blog","article_modified_time":"2025-09-22T06:51:02+00:00","twitter_card":"summary_large_image","schema":{"@context":"https:\/\/schema.org","@graph":[{"@type":"WebPage","@id":"https:\/\/www.novakidschool.com\/tr\/blog\/authors\/","url":"https:\/\/www.novakidschool.com\/tr\/blog\/authors\/","name":"Uzman Yazarlar\u0131m\u0131z | Novakid \u0130ngilizce \u00d6\u011frenim Blogu","isPartOf":{"@id":"https:\/\/www.novakidschool.com\/tr\/blog\/#website"},"datePublished":"2025-07-08T11:14:45+00:00","dateModified":"2025-09-22T06:51:02+00:00","description":"Biyografilerin, odaklan\u0131lan konular\u0131n ve en son makalelerin yer ald\u0131\u011f\u0131 yazar profillerine eri\u015ferek ki\u015filerin uzmanl\u0131\u011f\u0131n\u0131 do\u011frulayabilir ve g\u00fcvenilir \u0130ngilizce \u00f6\u011frenim kaynaklar\u0131na eri\u015febilirsiniz.","breadcrumb":{"@id":"https:\/\/www.novakidschool.com\/tr\/blog\/authors\/#breadcrumb"},"inLanguage":"tr","potentialAction":[{"@type":"ReadAction","target":["https:\/\/www.novakidschool.com\/tr\/blog\/authors\/"]}]},{"@type":"BreadcrumbList","@id":"https:\/\/www.novakidschool.com\/tr\/blog\/authors\/#breadcrumb","itemListElement":[{"@type":"ListItem","position":1,"name":"Home","item":"https:\/\/www.novakidschool.com\/tr\/blog\/"},{"@type":"ListItem","position":2,"name":"Yazarlar\u0131m\u0131z"}]},{"@type":"WebSite","@id":"https:\/\/www.novakidschool.com\/tr\/blog\/#website","url":"https:\/\/www.novakidschool.com\/tr\/blog\/","name":"Novakid Blog","description":"Just another WordPress site","publisher":{"@id":"https:\/\/www.novakidschool.com\/tr\/blog\/#organization"},"potentialAction":[{"@type":"SearchAction","target":{"@type":"EntryPoint","urlTemplate":"https:\/\/www.novakidschool.com\/tr\/blog\/?s={search_term_string}"},"query-input":{"@type":"PropertyValueSpecification","valueRequired":true,"valueName":"search_term_string"}}],"inLanguage":"tr"},{"@type":"Organization","@id":"https:\/\/www.novakidschool.com\/tr\/blog\/#organization","name":"Novakid","url":"https:\/\/www.novakidschool.com\/tr\/blog\/","logo":{"@type":"ImageObject","inLanguage":"tr","@id":"https:\/\/www.novakidschool.com\/tr\/blog\/#\/schema\/logo\/image\/","url":"https:\/\/www.novakidschool.com\/tr\/blog\/wp-content\/uploads\/2022\/06\/logo-novakid.svg","contentUrl":"https:\/\/www.novakidschool.com\/tr\/blog\/wp-content\/uploads\/2022\/06\/logo-novakid.svg","width":268,"height":71,"caption":"Novakid"},"image":{"@id":"https:\/\/www.novakidschool.com\/tr\/blog\/#\/schema\/logo\/image\/"}}]}},"_links":{"self":[{"href":"https:\/\/www.novakidschool.com\/tr\/blog\/wp-json\/wp\/v2\/pages\/10533","targetHints":{"allow":["GET"]}}],"collection":[{"href":"https:\/\/www.novakidschool.com\/tr\/blog\/wp-json\/wp\/v2\/pages"}],"about":[{"href":"https:\/\/www.novakidschool.com\/tr\/blog\/wp-json\/wp\/v2\/types\/page"}],"author":[{"embeddable":true,"href":"https:\/\/www.novakidschool.com\/tr\/blog\/wp-json\/wp\/v2\/users\/7"}],"replies":[{"embeddable":true,"href":"https:\/\/www.novakidschool.com\/tr\/blog\/wp-json\/wp\/v2\/comments?post=10533"}],"version-history":[{"count":1,"href":"https:\/\/www.novakidschool.com\/tr\/blog\/wp-json\/wp\/v2\/pages\/10533\/revisions"}],"predecessor-version":[{"id":10534,"href":"https:\/\/www.novakidschool.com\/tr\/blog\/wp-json\/wp\/v2\/pages\/10533\/revisions\/10534"}],"wp:attachment":[{"href":"https:\/\/www.novakidschool.com\/tr\/blog\/wp-json\/wp\/v2\/media?parent=10533"}],"curies":[{"name":"wp","href":"https:\/\/api.w.org\/{rel}","templated":true}]}}