{"id":9542,"date":"2024-02-08T13:45:56","date_gmt":"2024-02-08T13:45:56","guid":{"rendered":"https:\/\/www.novakidschool.com\/pl\/blog\/?page_id=9542"},"modified":"2024-02-08T13:46:06","modified_gmt":"2024-02-08T13:46:06","slug":"parent-form","status":"publish","type":"page","link":"https:\/\/www.novakidschool.com\/pl\/blog\/parent-form\/","title":{"rendered":"Jeste\u015b rodzicem i chcesz podzieli\u0107 si\u0119 swoim do\u015bwiadczeniem?"},"content":{"rendered":"\t<section class=\"section pageParentForm\" id=\"blogHeadingText-block_79ee692c3d1fc2c9e402a05758167ad2\">\n\t\t<div class=\"pageParentForm__wrapper\">\n\t\t\t<img decoding=\"async\" src=\"https:\/\/www.novakidschool.com\/pl\/blog\/wp-content\/themes\/novakid\/public\/img\/parent\/prop-left.svg\" alt=\"\" aria-hidden=\"true\"\n\t\t\t\t class=\"pageParentForm__prop pageParentForm__prop--left style-svg\">\n\t\t\t<img decoding=\"async\" src=\"https:\/\/www.novakidschool.com\/pl\/blog\/wp-content\/themes\/novakid\/public\/img\/parent\/prop-right.svg\" alt=\"\" aria-hidden=\"true\"\n\t\t\t\t class=\"pageParentForm__prop pageParentForm__prop--right style-svg\">\n\t\t\t<img decoding=\"async\" src=\"https:\/\/www.novakidschool.com\/pl\/blog\/wp-content\/themes\/novakid\/public\/img\/parent\/doodle-left.svg\" alt=\"\" aria-hidden=\"true\"\n\t\t\t\t class=\"pageParentForm__prop pageParentForm__prop--doodleLeft style-svg\">\n\t\t\t<img decoding=\"async\" src=\"https:\/\/www.novakidschool.com\/pl\/blog\/wp-content\/themes\/novakid\/public\/img\/parent\/doodle-middle.svg\" alt=\"\" aria-hidden=\"true\"\n\t\t\t\t class=\"pageParentForm__prop pageParentForm__prop--doodleMiddle style-svg\">\n\t\t\t<img decoding=\"async\" src=\"https:\/\/www.novakidschool.com\/pl\/blog\/wp-content\/themes\/novakid\/public\/img\/parent\/doodle-right.svg\" alt=\"\" aria-hidden=\"true\"\n\t\t\t\t class=\"pageParentForm__prop pageParentForm__prop--doodleRight style-svg\">\n\t\t\t<div class=\"pageParentForm__helper\">\n\t\t\t\t<div class=\"pageParentForm__content\">\n\t\t\t\t\t<div class=\"pageParentForm__heading\">\n\t\t\t\t\t\t<h1 class=\"pageParentForm__headingItem\">\n\t\t\t\t\t\t\tJeste\u015b rodzicem i chcesz podzieli\u0107 si\u0119 swoim do\u015bwiadczeniem?\t\t\t\t\t\t<\/h1>\n\t\t\t\t\t<\/div>\n\t\t\t\t\t<div class=\"pageParentForm__text\">\n\t\t\t\t\t\t<p>Novakid zaprasza rodzic\u00f3w do zostania ekspertami i wsp\u00f3\u0142autorami naszego bloga. Cenimy Twoje do\u015bwiadczenie i wiedz\u0119, dlatego chcieliby\u015bmy da\u0107 Ci miejsce na podzielenie si\u0119 nimi na blogu Novakid. Nasi redaktorzy skontaktuj\u0105 si\u0119 z Tob\u0105 w sprawie ewentualnych poprawek. Poniewa\u017c pisanie tre\u015bci na bloga zajmuje czas, oferujemy wynagrodzenie za ka\u017cdy opublikowany artyku\u0142.<\/p>\n\t\t\t\t\t<\/div>\n\t\t\t\t\t<div class=\"pageParentForm__form\">\n\t\t\t\t\t\t\n<div class=\"wpcf7 no-js\" id=\"wpcf7-f9540-o1\" lang=\"en-US\" dir=\"ltr\" data-wpcf7-id=\"9540\">\n<div class=\"screen-reader-response\"><p role=\"status\" aria-live=\"polite\" aria-atomic=\"true\"><\/p> <ul><\/ul><\/div>\n<form action=\"\/pl\/blog\/wp-json\/wp\/v2\/pages\/9542#wpcf7-f9540-o1\" method=\"post\" class=\"wpcf7-form init\" aria-label=\"Contact form\" novalidate=\"novalidate\" data-status=\"init\">\n<fieldset class=\"hidden-fields-container\"><input type=\"hidden\" name=\"_wpcf7\" value=\"9540\" \/><input type=\"hidden\" name=\"_wpcf7_version\" value=\"6.1.5\" \/><input type=\"hidden\" name=\"_wpcf7_locale\" value=\"en_US\" \/><input type=\"hidden\" name=\"_wpcf7_unit_tag\" value=\"wpcf7-f9540-o1\" \/><input type=\"hidden\" name=\"_wpcf7_container_post\" value=\"0\" \/><input type=\"hidden\" name=\"_wpcf7_posted_data_hash\" value=\"\" \/><input type=\"hidden\" name=\"_wpcf7_recaptcha_response\" value=\"\" \/>\n<\/fieldset>\n<div class=\"pageParentForm__formBox\">\n<input class=\"wpcf7-form-control wpcf7-hidden\" value=\"article\" type=\"hidden\" name=\"placement\" \/>\n\t\t\t\t\t\t\t<div class=\"pageParentForm__formRow\">\n\t\t\t\t\t\t\t\t<div class=\"pageParentForm__formField\">\n\t\t\t\t\t\t\t\t\t<label for=\"\" class=\"pageParentForm__formLabel\">\n\t\t\t\t\t\t\t\t\t\t1. Jaki by\u0142 Tw\u00f3j problem\/sytuacja?\n\t\t\t\t\t\t\t\t\t\t<span class=\"wpcf7-form-control-wrap\" data-name=\"form-question-1\"><textarea cols=\"40\" rows=\"3\" maxlength=\"2000\" class=\"wpcf7-form-control wpcf7-textarea wpcf7-validates-as-required\" aria-required=\"true\" aria-invalid=\"false\" placeholder=\"Twoja odpowied\u017a tutaj\" name=\"form-question-1\"><\/textarea><\/span>\n\t\t\t\t\t\t\t\t\t<\/label>\n\t\t\t\t\t\t\t\t<\/div>\n\t\t\t\t\t\t\t<\/div>\n\t\t\t\t\t\t\t<div class=\"pageParentForm__formRow\">\n\t\t\t\t\t\t\t\t<div class=\"pageParentForm__formField\">\n\t\t\t\t\t\t\t\t\t<label for=\"\" class=\"pageParentForm__formLabel\">\n\t\t\t\t\t\t\t\t\t\t2. Jak zaj\u0105\u0142e\u015b\/a\u015b si\u0119 tym problemem?\n\t\t\t\t\t\t\t\t\t\t<span class=\"wpcf7-form-control-wrap\" data-name=\"form-question-2\"><textarea cols=\"40\" rows=\"3\" maxlength=\"2000\" class=\"wpcf7-form-control wpcf7-textarea wpcf7-validates-as-required\" aria-required=\"true\" aria-invalid=\"false\" placeholder=\"Twoja odpowied\u017a tutaj\" name=\"form-question-2\"><\/textarea><\/span>\n\t\t\t\t\t\t\t\t\t<\/label>\n\t\t\t\t\t\t\t\t<\/div>\n\t\t\t\t\t\t\t<\/div>\n\t\t\t\t\t\t\t<div class=\"pageParentForm__formRow\">\n\t\t\t\t\t\t\t\t<div class=\"pageParentForm__formField\">\n\t\t\t\t\t\t\t\t\t<label for=\"\" class=\"pageParentForm__formLabel\">\n\t\t\t\t\t\t\t\t\t\t3. Jakie by\u0142y wyniki Twojego dzia\u0142ania?\n\t\t\t\t\t\t\t\t\t\t<span class=\"wpcf7-form-control-wrap\" data-name=\"form-question-3\"><textarea cols=\"40\" rows=\"3\" maxlength=\"2000\" class=\"wpcf7-form-control wpcf7-textarea wpcf7-validates-as-required\" aria-required=\"true\" aria-invalid=\"false\" placeholder=\"Twoja odpowied\u017a tutaj\" name=\"form-question-3\"><\/textarea><\/span>\n\t\t\t\t\t\t\t\t\t<\/label>\n\t\t\t\t\t\t\t\t<\/div>\n\t\t\t\t\t\t\t<\/div>\n\t\t\t\t\t\t\t<div class=\"pageParentForm__formRow\">\n\t\t\t\t\t\t\t\t<div class=\"pageParentForm__formField\">\n\t\t\t\t\t\t\t\t\t<label for=\"\" class=\"pageParentForm__formLabel\">\n\t\t\t\t\t\t\t\t\t\t4. Podaj prosz\u0119 sw\u00f3j adres e-mail:\n\t\t\t\t\t\t\t\t\t\t<span class=\"wpcf7-form-control-wrap\" data-name=\"form-email\"><input size=\"40\" maxlength=\"400\" class=\"wpcf7-form-control wpcf7-email wpcf7-validates-as-required wpcf7-text wpcf7-validates-as-email\" aria-required=\"true\" aria-invalid=\"false\" placeholder=\"jankowalski@gmail.com\" value=\"\" type=\"email\" name=\"form-email\" \/><\/span>\n\t\t\t\t\t\t\t\t\t<\/label>\n\t\t\t\t\t\t\t\t<\/div>\n\t\t\t\t\t\t\t<\/div>\n\t\t\t\t\t\t\t<div class=\"pageParentForm__formRow\">\n\t\t\t\t\t\t\t\t<div class=\"pageParentForm__formField\">\n\t\t\t\t\t\t\t\t\t<label for=\"\" class=\"pageParentForm__formLabel\">\n\t\t\t\t\t\t\t\t\t\t5. Zostaw prosz\u0119 swoje imi\u0119:\n\t\t\t\t\t\t\t\t\t\t<span class=\"wpcf7-form-control-wrap\" data-name=\"form-name\"><input size=\"40\" maxlength=\"400\" class=\"wpcf7-form-control wpcf7-text wpcf7-validates-as-required\" aria-required=\"true\" aria-invalid=\"false\" placeholder=\"Jan Kowalski\" value=\"\" type=\"text\" name=\"form-name\" \/><\/span>\n\t\t\t\t\t\t\t\t\t<\/label>\n\t\t\t\t\t\t\t\t<\/div>\n\t\t\t\t\t\t\t<\/div>\n\t\t\t\t\t\t\t\n\t\t\t\t\t\t\t<div class=\"pageParentForm__formRow\">\n\t\t\t\t\t\t\t\t<div class=\"pageParentForm__formRodo\">\n\t\t\t\t\t\t\t\t\t<span class=\"wpcf7-form-control-wrap\" data-name=\"form-rodo\"><span class=\"wpcf7-form-control wpcf7-acceptance\"><span class=\"wpcf7-list-item\"><label><input type=\"checkbox\" name=\"form-rodo\" value=\"1\" aria-invalid=\"false\" \/><span class=\"wpcf7-list-item-label\">Wyra\u017cam zgod\u0119 na przetwarzanie moich danych osobowych oraz na otrzymywanie od Novakid informacji handlowych i marketingowych drog\u0105 elektroniczn\u0105 na podany adres e-mail.<\/span><\/label><\/span><\/span><\/span>\n\t\t\t\t\t\t\t\t<\/div>\n\t\t\t\t\t\t\t<\/div>\n<div class=\"pageParentForm__formRow\">\n\t\t\t\t\t\t\t\t<div class=\"pageParentForm__formCaptcha\">\n\t\t\t\t\t\t\t\t\t\n\t\t\t\t\t\t\t\t<\/div>\n\t\t\t\t\t\t\t<\/div>\n\t\t\t\t\t\t\t<div class=\"pageParentForm__formRow\">\n\t\t\t\t\t\t\t\t<div class=\"pageParentForm__formActions\">\n\t\t\t\t\t\t\t\t\t<input class=\"wpcf7-form-control wpcf7-submit has-spinner\" type=\"submit\" value=\"Wy\u015blij\" \/>\n\t\t\t\t\t\t\t\t<\/div>\n\t\t\t\t\t\t\t<\/div>\n\t\t\t\t\t\t<\/div>\n\n<style>\n.wpcf7-response-output:empty {\n   display: none !important;\n}\n<\/style>\n<script>\n\ndocument.addEventListener('DOMContentLoaded', function() {\n    \n    const cf7Forms = document.querySelectorAll('.wpcf7-form');    \n    cf7Forms.forEach(form => {\n\n        const inputs = form.querySelectorAll('.wpcf7-validates-as-required');\n        \n        inputs.forEach(input => {\n            \/\/ \u0414\u043e\u0431\u0430\u0432\u043b\u044f\u0435\u043c \u0441\u043b\u0443\u0448\u0430\u0442\u0435\u043b\u044c \u0441\u043e\u0431\u044b\u0442\u0438\u044f input\n            input.addEventListener('input', function() {\n                \/\/ check is valid\n                const isValid = validateField(this);\n                \n                \/\/ find error container\n                const errorContainer = this.closest('.wpcf7-form-control-wrap');\n                \n                if (!isValid) {\n                    \/\/ show error\n                    \/\/showError(errorContainer, \"Please fill out this field.\");\n                } else {\n                    \/\/ remove error\n                    hideError(errorContainer);\n                }\n            });\n        });\n    });\n});\n\nfunction validateField(field) {\n    \/\/ basic validation\n    if (field.hasAttribute('required') && !field.value.trim()) {\n        return false;\n    }\n    \n    \/\/ email validation\n    if (field.type === 'email') {\n        const emailRegex = \/^[^\\s@]+@[^\\s@]+\\.[^\\s@]+$\/;\n        return emailRegex.test(field.value);\n    }    \n    \n    return true;\n}\n\nfunction checkErrorsAndHideResponse() {\n    let errorCount = 0;\n    const errorElements = document.querySelectorAll('.wpcf7-not-valid-tip');\n    const errorCaptcha = document.querySelectorAll('.recaptcha .wpcf7-not-valid-tip');\n    const responseOutput = document.querySelector('.wpcf7-form.invalid .wpcf7-response-output');\n    \n    \n    if (errorCaptcha.length > 0) errorCount = errorCaptcha.length;\n    if (errorElements.length === errorCount && responseOutput) {\n        responseOutput.innerHTML = \"\";\n    }\n}\n\nfunction hideError(container) {\n    const existingError = container.querySelector('.wpcf7-not-valid-tip');\n    if (existingError) {\n        existingError.remove();\n        checkErrorsAndHideResponse();\n    }\n}\n<\/script><div class=\"wpcf7-response-output\" aria-hidden=\"true\"><\/div>\n<\/form>\n<\/div>\n\t\t\t\t\t<\/div>\n\t\t\t\t<\/div>\n\t\t\t\t<div class=\"pageParentForm__image\">\n\t\t\t\t\t<img decoding=\"async\" src=\"https:\/\/www.novakidschool.com\/pl\/blog\/wp-content\/uploads\/2024\/02\/novakid-parent-with-phone.png\" alt=\"\" class=\"pageParentForm__imageItem\">\n\t\t\t\t<\/div>\n\t\t\t<\/div>\n\t\t<\/div>\n\t<\/section>\n","protected":false},"excerpt":{"rendered":"","protected":false},"author":1,"featured_media":0,"parent":0,"menu_order":0,"comment_status":"closed","ping_status":"closed","template":"","meta":{"_acf_changed":false,"inline_featured_image":false,"footnotes":""},"class_list":["post-9542","page","type-page","status-publish","hentry"],"acf":[],"yoast_head":"<!-- This site is optimized with the Yoast SEO plugin v27.3 - https:\/\/yoast.com\/product\/yoast-seo-wordpress\/ -->\n<title>Jeste\u015b rodzicem i chcesz podzieli\u0107 si\u0119 swoim do\u015bwiadczeniem? - Novakid<\/title>\n<meta name=\"robots\" content=\"index, follow, max-snippet:-1, max-image-preview:large, max-video-preview:-1\" \/>\n<link rel=\"canonical\" href=\"https:\/\/www.novakidschool.com\/pl\/blog\/parent-form\/\" \/>\n<meta property=\"og:locale\" content=\"pl_PL\" \/>\n<meta property=\"og:type\" content=\"article\" \/>\n<meta property=\"og:title\" content=\"Jeste\u015b rodzicem i chcesz podzieli\u0107 si\u0119 swoim do\u015bwiadczeniem? - Novakid\" \/>\n<meta property=\"og:url\" content=\"https:\/\/www.novakidschool.com\/pl\/blog\/parent-form\/\" \/>\n<meta property=\"og:site_name\" content=\"Novakid\" \/>\n<meta property=\"article:modified_time\" content=\"2024-02-08T13:46:06+00:00\" \/>\n<meta name=\"twitter:card\" content=\"summary_large_image\" \/>\n<!-- \/ Yoast SEO plugin. -->","yoast_head_json":{"title":"Jeste\u015b rodzicem i chcesz podzieli\u0107 si\u0119 swoim do\u015bwiadczeniem? - Novakid","robots":{"index":"index","follow":"follow","max-snippet":"max-snippet:-1","max-image-preview":"max-image-preview:large","max-video-preview":"max-video-preview:-1"},"canonical":"https:\/\/www.novakidschool.com\/pl\/blog\/parent-form\/","og_locale":"pl_PL","og_type":"article","og_title":"Jeste\u015b rodzicem i chcesz podzieli\u0107 si\u0119 swoim do\u015bwiadczeniem? - Novakid","og_url":"https:\/\/www.novakidschool.com\/pl\/blog\/parent-form\/","og_site_name":"Novakid","article_modified_time":"2024-02-08T13:46:06+00:00","twitter_card":"summary_large_image","schema":{"@context":"https:\/\/schema.org","@graph":[{"@type":"WebPage","@id":"https:\/\/www.novakidschool.com\/pl\/blog\/parent-form\/","url":"https:\/\/www.novakidschool.com\/pl\/blog\/parent-form\/","name":"Jeste\u015b rodzicem i chcesz podzieli\u0107 si\u0119 swoim do\u015bwiadczeniem? - Novakid","isPartOf":{"@id":"https:\/\/www.novakidschool.com\/pl\/blog\/#website"},"datePublished":"2024-02-08T13:45:56+00:00","dateModified":"2024-02-08T13:46:06+00:00","breadcrumb":{"@id":"https:\/\/www.novakidschool.com\/pl\/blog\/parent-form\/#breadcrumb"},"inLanguage":"pl-PL","potentialAction":[{"@type":"ReadAction","target":["https:\/\/www.novakidschool.com\/pl\/blog\/parent-form\/"]}]},{"@type":"BreadcrumbList","@id":"https:\/\/www.novakidschool.com\/pl\/blog\/parent-form\/#breadcrumb","itemListElement":[{"@type":"ListItem","position":1,"name":"Home","item":"https:\/\/www.novakid.pl\/blog\/"},{"@type":"ListItem","position":2,"name":"Jeste\u015b rodzicem i chcesz podzieli\u0107 si\u0119 swoim do\u015bwiadczeniem?"}]},{"@type":"WebSite","@id":"https:\/\/www.novakidschool.com\/pl\/blog\/#website","url":"https:\/\/www.novakidschool.com\/pl\/blog\/","name":"Novakid","description":"Novakid blog","publisher":{"@id":"https:\/\/www.novakidschool.com\/pl\/blog\/#organization"},"potentialAction":[{"@type":"SearchAction","target":{"@type":"EntryPoint","urlTemplate":"https:\/\/www.novakidschool.com\/pl\/blog\/?s={search_term_string}"},"query-input":{"@type":"PropertyValueSpecification","valueRequired":true,"valueName":"search_term_string"}}],"inLanguage":"pl-PL"},{"@type":"Organization","@id":"https:\/\/www.novakidschool.com\/pl\/blog\/#organization","name":"Novakid","url":"https:\/\/www.novakidschool.com\/pl\/blog\/","logo":{"@type":"ImageObject","inLanguage":"pl-PL","@id":"https:\/\/www.novakidschool.com\/pl\/blog\/#\/schema\/logo\/image\/","url":"https:\/\/www.novakidschool.com\/pl\/blog\/wp-content\/uploads\/2022\/03\/logo-novakid.svg","contentUrl":"https:\/\/www.novakidschool.com\/pl\/blog\/wp-content\/uploads\/2022\/03\/logo-novakid.svg","width":268,"height":71,"caption":"Novakid"},"image":{"@id":"https:\/\/www.novakidschool.com\/pl\/blog\/#\/schema\/logo\/image\/"}}]}},"_links":{"self":[{"href":"https:\/\/www.novakidschool.com\/pl\/blog\/wp-json\/wp\/v2\/pages\/9542","targetHints":{"allow":["GET"]}}],"collection":[{"href":"https:\/\/www.novakidschool.com\/pl\/blog\/wp-json\/wp\/v2\/pages"}],"about":[{"href":"https:\/\/www.novakidschool.com\/pl\/blog\/wp-json\/wp\/v2\/types\/page"}],"author":[{"embeddable":true,"href":"https:\/\/www.novakidschool.com\/pl\/blog\/wp-json\/wp\/v2\/users\/1"}],"replies":[{"embeddable":true,"href":"https:\/\/www.novakidschool.com\/pl\/blog\/wp-json\/wp\/v2\/comments?post=9542"}],"version-history":[{"count":2,"href":"https:\/\/www.novakidschool.com\/pl\/blog\/wp-json\/wp\/v2\/pages\/9542\/revisions"}],"predecessor-version":[{"id":9544,"href":"https:\/\/www.novakidschool.com\/pl\/blog\/wp-json\/wp\/v2\/pages\/9542\/revisions\/9544"}],"wp:attachment":[{"href":"https:\/\/www.novakidschool.com\/pl\/blog\/wp-json\/wp\/v2\/media?parent=9542"}],"curies":[{"name":"wp","href":"https:\/\/api.w.org\/{rel}","templated":true}]}}